{"version":"1.0","provider_name":"Gestione e qualit\u00e0 MQ","provider_url":"https:\/\/www.m-q.ch\/it","title":"Fachmesse ArbeitsSicherheit Schweiz verschoben - MQ Management und Qualit\u00e4t","type":"rich","width":600,"height":338,"html":"<blockquote class=\"wp-embedded-content\" data-secret=\"KeDM08lYux\"><a href=\"https:\/\/www.m-q.ch\/it\/fachmesse-arbeitssicherheit-schweiz-verschoben\/\">Fiera ArbeitsSicherheit Schweiz rinviata<\/a><\/blockquote><iframe sandbox=\"allow-scripts\" security=\"restricted\" src=\"https:\/\/www.m-q.ch\/it\/fachmesse-arbeitssicherheit-schweiz-verschoben\/embed\/#?secret=KeDM08lYux\" width=\"600\" height=\"338\" title=\"&#8220;Fachmesse ArbeitsSicherheit Schweiz verschoben&#8221; &#8212; MQ Management und Qualit\u00e4t\" data-secret=\"KeDM08lYux\" frameborder=\"0\" marginwidth=\"0\" marginheight=\"0\" scrolling=\"no\" class=\"wp-embedded-content\"><\/iframe><script>\n\/*! This file is auto-generated *\/\n!function(d,l){\"use strict\";l.querySelector&&d.addEventListener&&\"undefined\"!=typeof URL&&(d.wp=d.wp||{},d.wp.receiveEmbedMessage||(d.wp.receiveEmbedMessage=function(e){var t=e.data;if((t||t.secret||t.message||t.value)&&!\/[^a-zA-Z0-9]\/.test(t.secret)){for(var s,r,n,a=l.querySelectorAll('iframe[data-secret=\"'+t.secret+'\"]'),o=l.querySelectorAll('blockquote[data-secret=\"'+t.secret+'\"]'),c=new RegExp(\"^https?:$\",\"i\"),i=0;i<o.length;i++)o[i].style.display=\"none\";for(i=0;i<a.length;i++)s=a[i],e.source===s.contentWindow&&(s.removeAttribute(\"style\"),\"height\"===t.message?(1e3<(r=parseInt(t.value,10))?r=1e3:~~r<200&&(r=200),s.height=r):\"link\"===t.message&&(r=new URL(s.getAttribute(\"src\")),n=new URL(t.value),c.test(n.protocol))&&n.host===r.host&&l.activeElement===s&&(d.top.location.href=t.value))}},d.addEventListener(\"message\",d.wp.receiveEmbedMessage,!1),l.addEventListener(\"DOMContentLoaded\",function(){for(var e,t,s=l.querySelectorAll(\"iframe.wp-embedded-content\"),r=0;r<s.length;r++)(t=(e=s[r]).getAttribute(\"data-secret\"))||(t=Math.random().toString(36).substring(2,12),e.src+=\"#?secret=\"+t,e.setAttribute(\"data-secret\",t)),e.contentWindow.postMessage({message:\"ready\",secret:t},\"*\")},!1)))}(window,document);\n<\/script>","thumbnail_url":"https:\/\/www.m-q.ch\/wp-content\/uploads\/2021\/02\/05-5.jpg","thumbnail_width":315,"thumbnail_height":206,"description":"Weltweit wirkt sich die Corona-Pandemie massiv auf alle geplanten Veranstaltungender n\u00e4chsten Monate aus. Die Veranstalter der Fachmessen ArbeitsSicherheitSchweiz und Swiss Corporate Fashion verschieben die Pr\u00e4senztermine auf denZeitraum vom 10. bis 12. November 2020. Um den Zeitraum konstruktiv zu\u00fcberbr\u00fccken, bietet das Projektteam kurzfristig eine Online-Konferenz an. Diesevirtuelle Teilausgabe der beiden Veranstaltungen findet vom 23. bis 25. Juni statt."}

Gestione e qualità MQ

Fachmesse ArbeitsSicherheit Schweiz verschoben - MQ Management und Qualität

<blockquote class="wp-embedded-content" data-secret="KeDM08lYux"><a href="https://www.m-q.ch/it/fachmesse-arbeitssicherheit-schweiz-verschoben/">Fiera ArbeitsSicherheit Schweiz rinviata</a></blockquote><iframe sandbox="allow-scripts" security="restricted" src="https://www.m-q.ch/it/fachmesse-arbeitssicherheit-schweiz-verschoben/embed/#?secret=KeDM08lYux" width="600" height="338" title="&#8220;Fachmesse ArbeitsSicherheit Schweiz verschoben&#8221; &#8212; MQ Management und Qualität" data-secret="KeDM08lYux" frameborder="0" marginwidth="0" marginheight="0" scrolling="no" class="wp-embedded-content"></iframe><script>
/*! This file is auto-generated */
!function(d,l){"use strict";l.querySelector&&d.addEventListener&&"undefined"!=typeof URL&&(d.wp=d.wp||{},d.wp.receiveEmbedMessage||(d.wp.receiveEmbedMessage=function(e){var t=e.data;if((t||t.secret||t.message||t.value)&&!/[^a-zA-Z0-9]/.test(t.secret)){for(var s,r,n,a=l.querySelectorAll('iframe[data-secret="'+t.secret+'"]'),o=l.querySelectorAll('blockquote[data-secret="'+t.secret+'"]'),c=new RegExp("^https?:$","i"),i=0;i<o.length;i++)o[i].style.display="none";for(i=0;i<a.length;i++)s=a[i],e.source===s.contentWindow&&(s.removeAttribute("style"),"height"===t.message?(1e3<(r=parseInt(t.value,10))?r=1e3:~~r<200&&(r=200),s.height=r):"link"===t.message&&(r=new URL(s.getAttribute("src")),n=new URL(t.value),c.test(n.protocol))&&n.host===r.host&&l.activeElement===s&&(d.top.location.href=t.value))}},d.addEventListener("message",d.wp.receiveEmbedMessage,!1),l.addEventListener("DOMContentLoaded",function(){for(var e,t,s=l.querySelectorAll("iframe.wp-embedded-content"),r=0;r<s.length;r++)(t=(e=s[r]).getAttribute("data-secret"))||(t=Math.random().toString(36).substring(2,12),e.src+="#?secret="+t,e.setAttribute("data-secret",t)),e.contentWindow.postMessage({message:"ready",secret:t},"*")},!1)))}(window,document);
</script>

Weltweit wirkt sich die Corona-Pandemie massiv auf alle geplanten Veranstaltungender nächsten Monate aus. Die Veranstalter der Fachmessen ArbeitsSicherheitSchweiz und Swiss Corporate Fashion verschieben die Präsenztermine auf denZeitraum vom 10. bis 12. November 2020. Um den Zeitraum konstruktiv zuüberbrücken, bietet das Projektteam kurzfristig eine Online-Konferenz an. Diesevirtuelle Teilausgabe der beiden Veranstaltungen findet vom 23. bis 25. Juni statt.
